e j(-7). Let g = z + 25. Let w be a(g). What is the greatest common factor of w and 2?
1
Suppose -11*r - 220 = -21*r. Let d = -19 + r. Suppose -d = 2*t - 7. Calculate the highest common factor of t and 6.
2
Suppose -193*p - 281178 = -316*p. What is the highest common divisor of 27 and p?
9
Let f = -269 + 285. Suppose -26680 = -f*q - 4*q. What is the greatest common factor of q and 58?
58
Suppose -88*z + 11232 = -56*z. Calculate the highest common divisor of 1677 and z.
39
Suppose 6*n + 192*n - 1386 = 0. What is the greatest common factor of n and 287?
7
Suppose -5*k + 170 = -80. Let y = 53 - k. Suppose -8*v = -y*v - 125. What is the greatest common factor of v and 5?
5
Suppose -13*p + 1465 + 8207 = 0. Suppose -g - 465 = -6*g. What is the greatest common divisor of p and g?
93
Let a = -358 + 265. Let q be (1*(1 - a))/((-2)/(-1)). What is the highest common factor of 423 and q?
47
Suppose -3*c = 2*c + 100. Let n be (c/50)/((-1)/(-65)). Let b = n - -37. Calculate the greatest common divisor of b and 1.
1
Let s be -60*((-245)/15 + 16). What is the greatest common factor of s and 7220?
20
Let w(o) = 10*o**3 + o**2 + 4*o - 3. Let v be w(5). Let t be ((-2)/4)/((-19)/v). Calculate the highest common factor of t and 4.
2
Suppose 0 = 85*c - 2*c - 45152. Suppose -8*q + 4*q = -128. What is the greatest common factor of q and c?
32
Let y = -690 - -701. Suppose -y*z - 225 = -26*z. What is the highest common divisor of z and 55?
5
Let l(y) = 3*y**2 + 326*y + 1516. Let f be l(-104). What is the greatest common divisor of 708 and f?
12
Let u(o) = -o**3 + 11*o**2 + 7*o - 5. Let x be u(1). What is the highest common factor of x and 11874?
6
Let m be 45/((-14)/(-4) - 3). Suppose 1 = 7*w - 69. Calculate the highest common factor of w and m.
10
Suppose -44*r - 1533 = -23*r. Let a be ((-50)/15 - -3)*(r + 1). Calculate the highest common divisor of a and 168.
24
Suppose 23*z - 32*z = -36. What is the highest common factor of 2428 and z?
4
Suppose -b + 4080 = 4*b - 5*v, -b + 2*v + 811 = 0. Let p = -713 + b. Calculate the greatest common factor of p and 96.
12
Let m = -28 + 46. Suppose -5*g - 2*g = 10*g. Suppose 0 = -3*f + 5*r - 2*r + 36, -4*f + 2*r + 42 = g. Calculate the greatest common divisor of f and m.
9
Suppose -1168*b + 73 = -1167*b - 3*o, 281 = 4*b - o. What is the greatest common divisor of b and 1855?
35
Let m(x) = -1981*x - 3537. Let z be m(-27). Calculate the greatest common factor of z and 270.
270
Suppose -147708 = -22*p + 130092 - 43940. Calculate the greatest common divisor of 5 and p.
5
Let f(l) = 195*l**2 + l**3 - 99*l**2 - 2 - 101*l**2 + 6*l. Let p be f(4). What is the greatest common factor of 3 and p?
3
Let i = 5506 + -5491. What is the greatest common divisor of i and 1335?
15
Let i(g) = 9*g**3 + 6*g**2 - 7*g + 6. Let z be i(1). What is the greatest common factor of z and 13258?
14
Let b = 510 + -342. Let f be 11 + 322/84*30. Calculate the highest common divisor of b and f.
42
Suppose -4*f = -2*v - 94, -4*v - 92 = -4*f - 0*v. Let k(j) = -j**3 + 9*j**2 - 16*j - 11. Let t be k(5). Calculate the greatest common factor of f and t.
3
Let a be (65/10)/(2/4). Let u(t) = -38*t - 4. Let m be u(8). Let s = 451 + m. Calculate the highest common factor of s and a.
13
Suppose 0 = -5*o + 989 + 2836. Let u = -87478 + 87523. What is the highest common divisor of o and u?
45
Let a(z) = z**3 - 93*z**2 - 88*z - 284. Let j be a(94). What is the greatest common factor of j and 980?
140
Let p be 5 + -1 - (0 - -49 - -4). Let s = 64 + p. Let g(a) = a**2 - 15*a + 10. Let o be g(s). What is the highest common factor of 40 and o?
10
Suppose 20*x - 21*x - 3*y + 303 = 0, -5*x - 4*y + 1548 = 0. What is the greatest common factor of 56 and x?
8
Let n be (-1561)/(-8) + 87/(-696). Calculate the greatest common divisor of n and 30.
15
Suppose 3*q = 2*g + 36, 2*g = -6*q + 3*q + 48. Suppose q*r + 1575 = 19*r. Calculate the highest common factor of r and 30.
15
Suppose -63 - 247 = -5*k. Suppose 0 = -2*d + 26 - 18. Suppose -x + f - 307 = -3*x, -5*f = d*x - 605. Calculate the greatest common divisor of k and x.
31
Suppose -6*v = -14 - 64. Suppose 17*q + 8 = v*q, 0 = 3*b + 2*q - 38. Let c be 195/2 + (-2)/(-4). Calculate the highest common divisor of c and b.
14
Suppose -16*d = -4692 - 1340. Let x be 58/d + 282/26. Let j(h) = -h**3 + h**2 + h + 143. Let i be j(0). Calculate the highest common factor of x and i.
11
Let i(m) be the third derivative of -m**4/8 + 27*m**3/2 - 8*m**2 + 5. Let t be i(17). Suppose -567 = -4*n + 513. What is the highest common divisor of t and n?
30
Let a be (-645)/(-27) - ((-17)/72 - 20/(-160)). Calculate the greatest common factor of a and 444.
12
Suppose -16*l + 16524 = -8*l + 10*l. What is the greatest common factor of 324 and l?
54
Let b be 2/(-1 - -2) + 28. Suppose -5*r + 230 = 2*q, 5*q - 4*r = 9758 - 9447. Calculate the highest common divisor of q and b.
15
Suppose -h + r + 19 = -0*r, -5*h + 3*r = -93. Suppose 0 = 5*d - 2193 + h. Calculate the highest common factor of 15 and d.
15
Let i = 38 + 16. Let z be (-6 - (-7)/21*-9)/((-38)/2508). What is the highest common factor of i and z?
54
Let k(t) = 23*t - 659. Let u be k(29). Calculate the greatest common divisor of u and 1028.
4
Let c = -349 + 505. Let q be (-1)/((-3)/(-72))*(63/12 + -6). What is the greatest common factor of q and c?
6
Let g be 29 - 3/(9 - (-78)/(-9)). What is the highest common divisor of g and 1860?
20
Let i = 3 - -2. Suppose 1510 - 2045 - 3105 = -56*d. Calculate the highest common divisor of i and d.
5
Let g(t) = 2*t**3 - 3*t**2 - 4*t - 2. Let s be g(4). Let c = 22 - s. Let v = c + 58. Calculate the highest common factor of v and 144.
18
Let h(u) = -371*u - 737. Let m be h(-2). What is the highest common factor of 200 and m?
5
Let c(q) = 4*q**3 + 37*q**2 + 24*q + 32. Let k be c(-8). What is the highest common factor of k and 224?
32
Let z be 12 - ((-1)/1*1)/(2/(-2)). What is the highest common divisor of z and 891?
11
Let b(y) = 3*y**3 - y**2 - 14*y - 6. Let v be b(7). Let s be (4/(-6))/((-2)/v). Calculate the highest common factor of s and 4.
4
Let p be (-4)/12 - (-2838)/9. Suppose -345*a + p = -340*a. Calculate the greatest common divisor of 21 and a.
21
Let q = -45 + 28. Let f(a) = -6*a - 39. Let w(b) = b + 8. Let t(o) = f(o) + 4*w(o). Let j be t(q). Calculate the highest common factor of j and 36.
9
Let p = -7 + 13. Suppose p*z = z + 45. Let c = -1 + z. What is the greatest common divisor of 40 and c?
8
Suppose 8*n + 182 = -26. Let x be n*(-4)/((-1)/4*-4). What is the greatest common factor of x and 39?
13
Let i be (-128)/32 - (-34)/(4 + -2). Suppose -15*m + i*m + 36 = x, m + 202 = 5*x. What is the greatest common factor of x and 80?
40
Let g = -157 + 155. Let p(i) = 14*i**2 + 10*i - 4. Let o be p(g). What is the highest common factor of o and 80?
16
Let i(t) = -44*t + 45*t + 27 + 5*t**2 - 19*t. Let u be i(9). Calculate the highest common factor of 60 and u.
30
Let t = -5385 + 6860. What is the greatest common divisor of t and 100?
25
Let f = -7948 + 8038. Calculate the greatest common factor of f and 3546.
18
Let r(m) = 2*m**3 + 106*m**2 + 98*m - 108. Let v be r(-52). Calculate the highest common factor of 12 and v.
12
Let y(j) = -3353*j + 121. Let o be y(-3). What is the highest common divisor of 40 and o?
20
Suppose 7*x + 245 = 5*r + 2*x, x = 5*r - 237. Let h = 59 - r. Calculate the highest common factor of h and 804.
12
Suppose 3*u - 77 - 19 = -3*g, -3*g + 5*u = -112. Calculate the highest common factor of g and 3706.
34
Let v be -9*(-8 - -10) + 150. What is the highest common divisor of 2596 and v?
44
Let u = -232 + 258. Suppose -2*d - u = -56. Calculate the greatest common factor of 1125 and d.
15
Let p be (-2772)/(-21) - (3 + 0). What is the highest common divisor of p and 18576?
129
Let a be (8/40*-5)/((-12)/120). Let m = -222 + 482. Suppose -4*q = -2*q - m. What is the highest common divisor of q and a?
10
Suppose -l + 81 = -3*b, 106*l - 102*l = -5*b + 171. What is the highest common factor of 22734 and l?
54
Let a(y) = -4*y**2 + 51*y - 190. Let t(m) = m**2 - m + 1. Let s(r) = a(r) + 3*t(r). Let o be s(42). What is the greatest common factor of o and 715?
65
Let c = -128 + 12931. What is the greatest common divisor of 651 and c?
217
Suppose 3004 = 5*s - 2*r, 5*r + 18 